{"id":8648,"date":"2024-03-19T17:42:28","date_gmt":"2024-03-19T16:42:28","guid":{"rendered":"https:\/\/www.hotellebalze.it\/?post_type=rooms&#038;p=8648"},"modified":"2025-07-01T17:13:00","modified_gmt":"2025-07-01T15:13:00","slug":"superior-vista-lago-con-giardino","status":"publish","type":"rooms","link":"https:\/\/www.hotellebalze.it\/it\/camere\/superior-vista-lago-con-giardino\/","title":{"rendered":"Superior vista lago con giardino"},"content":{"rendered":"\n<p>La Camera Superior dell&#8217;Hotel Le Balze, con i suoi 20-30 m\u00b2, offre uno spazio raffinato per il vostro soggiorno. <\/p>\n\n\n\n<p>Godetevi la vista incantevole sul lago dal comfort del vostro giardino privato, attrezzato con sdraio e ombrellone, l&#8217;ideale per momenti di relax. <\/p>\n\n\n\n<p>Con la possibilit\u00e0 di aggiungere un terzo letto, \u00e8 perfetta per accogliere un ospite aggiuntivo in tutta comodit\u00e0.<\/p>\n","protected":false},"excerpt":{"rendered":"<p>Camera doppia con vista lago, giardino attrezzato con sdraio e ombrellone.<\/p>\n","protected":false},"author":8,"featured_media":9190,"template":"","meta":{"_acf_changed":false,"advgb_blocks_editor_width":"","advgb_blocks_columns_visual_guide":"","footnotes":""},"room_categories":[],"class_list":["post-8648","rooms","type-rooms","status-publish","has-post-thumbnail","hentry"],"acf":[],"yoast_head":"<!-- This site is optimized with the Yoast SEO plugin v27.4 - https:\/\/yoast.com\/product\/yoast-seo-wordpress\/ -->\n<title>Superior vista lago con giardino - Hotel Le Balze<\/title>\n<meta name=\"robots\" content=\"index, follow, max-snippet:-1, max-image-preview:large, max-video-preview:-1\" \/>\n<link rel=\"canonical\" href=\"https:\/\/www.hotellebalze.it\/it\/camere\/superior-vista-lago-con-giardino\/\" \/>\n<meta property=\"og:locale\" content=\"it_IT\" \/>\n<meta property=\"og:type\" content=\"article\" \/>\n<meta property=\"og:title\" content=\"Superior vista lago con giardino - Hotel Le Balze\" \/>\n<meta property=\"og:description\" content=\"Camera doppia con vista lago, giardino attrezzato con sdraio e ombrellone.\" \/>\n<meta property=\"og:url\" content=\"https:\/\/www.hotellebalze.it\/it\/camere\/superior-vista-lago-con-giardino\/\" \/>\n<meta property=\"og:site_name\" content=\"Hotel Le Balze\" \/>\n<meta property=\"article:modified_time\" content=\"2025-07-01T15:13:00+00:00\" \/>\n<meta property=\"og:image\" content=\"https:\/\/www.hotellebalze.it\/wp-content\/uploads\/2024\/03\/Camera-da-letto-con-giardino-1.webp\" \/>\n\t<meta property=\"og:image:width\" content=\"1617\" \/>\n\t<meta property=\"og:image:height\" content=\"1080\" \/>\n\t<meta property=\"og:image:type\" content=\"image\/webp\" \/>\n<meta name=\"twitter:card\" content=\"summary_large_image\" \/>\n<meta name=\"twitter:label1\" content=\"Tempo di lettura stimato\" \/>\n\t<meta name=\"twitter:data1\" content=\"1 minuto\" \/>\n<script type=\"application\/ld+json\" class=\"yoast-schema-graph\">{\"@context\":\"https:\\\/\\\/schema.org\",\"@graph\":[{\"@type\":\"WebPage\",\"@id\":\"https:\\\/\\\/www.hotellebalze.it\\\/it\\\/camere\\\/superior-vista-lago-con-giardino\\\/\",\"url\":\"https:\\\/\\\/www.hotellebalze.it\\\/it\\\/camere\\\/superior-vista-lago-con-giardino\\\/\",\"name\":\"Superior vista lago con giardino - Hotel Le Balze\",\"isPartOf\":{\"@id\":\"https:\\\/\\\/www.hotellebalze.it\\\/it\\\/#website\"},\"primaryImageOfPage\":{\"@id\":\"https:\\\/\\\/www.hotellebalze.it\\\/it\\\/camere\\\/superior-vista-lago-con-giardino\\\/#primaryimage\"},\"image\":{\"@id\":\"https:\\\/\\\/www.hotellebalze.it\\\/it\\\/camere\\\/superior-vista-lago-con-giardino\\\/#primaryimage\"},\"thumbnailUrl\":\"https:\\\/\\\/www.hotellebalze.it\\\/wp-content\\\/uploads\\\/2024\\\/03\\\/Camera-da-letto-con-giardino-1.webp\",\"datePublished\":\"2024-03-19T16:42:28+00:00\",\"dateModified\":\"2025-07-01T15:13:00+00:00\",\"breadcrumb\":{\"@id\":\"https:\\\/\\\/www.hotellebalze.it\\\/it\\\/camere\\\/superior-vista-lago-con-giardino\\\/#breadcrumb\"},\"inLanguage\":\"it-IT\",\"potentialAction\":[{\"@type\":\"ReadAction\",\"target\":[\"https:\\\/\\\/www.hotellebalze.it\\\/it\\\/camere\\\/superior-vista-lago-con-giardino\\\/\"]}]},{\"@type\":\"ImageObject\",\"inLanguage\":\"it-IT\",\"@id\":\"https:\\\/\\\/www.hotellebalze.it\\\/it\\\/camere\\\/superior-vista-lago-con-giardino\\\/#primaryimage\",\"url\":\"https:\\\/\\\/www.hotellebalze.it\\\/wp-content\\\/uploads\\\/2024\\\/03\\\/Camera-da-letto-con-giardino-1.webp\",\"contentUrl\":\"https:\\\/\\\/www.hotellebalze.it\\\/wp-content\\\/uploads\\\/2024\\\/03\\\/Camera-da-letto-con-giardino-1.webp\",\"width\":1617,\"height\":1080,\"caption\":\"Camera da letto con giardino\"},{\"@type\":\"BreadcrumbList\",\"@id\":\"https:\\\/\\\/www.hotellebalze.it\\\/it\\\/camere\\\/superior-vista-lago-con-giardino\\\/#breadcrumb\",\"itemListElement\":[{\"@type\":\"ListItem\",\"position\":1,\"name\":\"Camere\",\"item\":\"https:\\\/\\\/www.hotellebalze.it\\\/it\\\/camere\\\/\"},{\"@type\":\"ListItem\",\"position\":2,\"name\":\"Superior vista lago con giardino\"}]},{\"@type\":\"WebSite\",\"@id\":\"https:\\\/\\\/www.hotellebalze.it\\\/it\\\/#website\",\"url\":\"https:\\\/\\\/www.hotellebalze.it\\\/it\\\/\",\"name\":\"Hotel Le Balze\",\"description\":\"TREMOSINE SUL GARDA\",\"publisher\":{\"@id\":\"https:\\\/\\\/www.hotellebalze.it\\\/it\\\/#organization\"},\"potentialAction\":[{\"@type\":\"SearchAction\",\"target\":{\"@type\":\"EntryPoint\",\"urlTemplate\":\"https:\\\/\\\/www.hotellebalze.it\\\/it\\\/?s={search_term_string}\"},\"query-input\":{\"@type\":\"PropertyValueSpecification\",\"valueRequired\":true,\"valueName\":\"search_term_string\"}}],\"inLanguage\":\"it-IT\"},{\"@type\":\"Organization\",\"@id\":\"https:\\\/\\\/www.hotellebalze.it\\\/it\\\/#organization\",\"name\":\"Hotel Le Balze\",\"url\":\"https:\\\/\\\/www.hotellebalze.it\\\/it\\\/\",\"logo\":{\"@type\":\"ImageObject\",\"inLanguage\":\"it-IT\",\"@id\":\"https:\\\/\\\/www.hotellebalze.it\\\/it\\\/#\\\/schema\\\/logo\\\/image\\\/\",\"url\":\"https:\\\/\\\/www.hotellebalze.it\\\/wp-content\\\/uploads\\\/2024\\\/03\\\/hotel-le-balze.png\",\"contentUrl\":\"https:\\\/\\\/www.hotellebalze.it\\\/wp-content\\\/uploads\\\/2024\\\/03\\\/hotel-le-balze.png\",\"width\":1200,\"height\":244,\"caption\":\"Hotel Le Balze\"},\"image\":{\"@id\":\"https:\\\/\\\/www.hotellebalze.it\\\/it\\\/#\\\/schema\\\/logo\\\/image\\\/\"}}]}<\/script>\n<!-- \/ Yoast SEO plugin. -->","yoast_head_json":{"title":"Superior vista lago con giardino - Hotel Le Balze","robots":{"index":"index","follow":"follow","max-snippet":"max-snippet:-1","max-image-preview":"max-image-preview:large","max-video-preview":"max-video-preview:-1"},"canonical":"https:\/\/www.hotellebalze.it\/it\/camere\/superior-vista-lago-con-giardino\/","og_locale":"it_IT","og_type":"article","og_title":"Superior vista lago con giardino - Hotel Le Balze","og_description":"Camera doppia con vista lago, giardino attrezzato con sdraio e ombrellone.","og_url":"https:\/\/www.hotellebalze.it\/it\/camere\/superior-vista-lago-con-giardino\/","og_site_name":"Hotel Le Balze","article_modified_time":"2025-07-01T15:13:00+00:00","og_image":[{"width":1617,"height":1080,"url":"https:\/\/www.hotellebalze.it\/wp-content\/uploads\/2024\/03\/Camera-da-letto-con-giardino-1.webp","type":"image\/webp"}],"twitter_card":"summary_large_image","twitter_misc":{"Tempo di lettura stimato":"1 minuto"},"schema":{"@context":"https:\/\/schema.org","@graph":[{"@type":"WebPage","@id":"https:\/\/www.hotellebalze.it\/it\/camere\/superior-vista-lago-con-giardino\/","url":"https:\/\/www.hotellebalze.it\/it\/camere\/superior-vista-lago-con-giardino\/","name":"Superior vista lago con giardino - Hotel Le Balze","isPartOf":{"@id":"https:\/\/www.hotellebalze.it\/it\/#website"},"primaryImageOfPage":{"@id":"https:\/\/www.hotellebalze.it\/it\/camere\/superior-vista-lago-con-giardino\/#primaryimage"},"image":{"@id":"https:\/\/www.hotellebalze.it\/it\/camere\/superior-vista-lago-con-giardino\/#primaryimage"},"thumbnailUrl":"https:\/\/www.hotellebalze.it\/wp-content\/uploads\/2024\/03\/Camera-da-letto-con-giardino-1.webp","datePublished":"2024-03-19T16:42:28+00:00","dateModified":"2025-07-01T15:13:00+00:00","breadcrumb":{"@id":"https:\/\/www.hotellebalze.it\/it\/camere\/superior-vista-lago-con-giardino\/#breadcrumb"},"inLanguage":"it-IT","potentialAction":[{"@type":"ReadAction","target":["https:\/\/www.hotellebalze.it\/it\/camere\/superior-vista-lago-con-giardino\/"]}]},{"@type":"ImageObject","inLanguage":"it-IT","@id":"https:\/\/www.hotellebalze.it\/it\/camere\/superior-vista-lago-con-giardino\/#primaryimage","url":"https:\/\/www.hotellebalze.it\/wp-content\/uploads\/2024\/03\/Camera-da-letto-con-giardino-1.webp","contentUrl":"https:\/\/www.hotellebalze.it\/wp-content\/uploads\/2024\/03\/Camera-da-letto-con-giardino-1.webp","width":1617,"height":1080,"caption":"Camera da letto con giardino"},{"@type":"BreadcrumbList","@id":"https:\/\/www.hotellebalze.it\/it\/camere\/superior-vista-lago-con-giardino\/#breadcrumb","itemListElement":[{"@type":"ListItem","position":1,"name":"Camere","item":"https:\/\/www.hotellebalze.it\/it\/camere\/"},{"@type":"ListItem","position":2,"name":"Superior vista lago con giardino"}]},{"@type":"WebSite","@id":"https:\/\/www.hotellebalze.it\/it\/#website","url":"https:\/\/www.hotellebalze.it\/it\/","name":"Hotel Le Balze","description":"TREMOSINE SUL GARDA","publisher":{"@id":"https:\/\/www.hotellebalze.it\/it\/#organization"},"potentialAction":[{"@type":"SearchAction","target":{"@type":"EntryPoint","urlTemplate":"https:\/\/www.hotellebalze.it\/it\/?s={search_term_string}"},"query-input":{"@type":"PropertyValueSpecification","valueRequired":true,"valueName":"search_term_string"}}],"inLanguage":"it-IT"},{"@type":"Organization","@id":"https:\/\/www.hotellebalze.it\/it\/#organization","name":"Hotel Le Balze","url":"https:\/\/www.hotellebalze.it\/it\/","logo":{"@type":"ImageObject","inLanguage":"it-IT","@id":"https:\/\/www.hotellebalze.it\/it\/#\/schema\/logo\/image\/","url":"https:\/\/www.hotellebalze.it\/wp-content\/uploads\/2024\/03\/hotel-le-balze.png","contentUrl":"https:\/\/www.hotellebalze.it\/wp-content\/uploads\/2024\/03\/hotel-le-balze.png","width":1200,"height":244,"caption":"Hotel Le Balze"},"image":{"@id":"https:\/\/www.hotellebalze.it\/it\/#\/schema\/logo\/image\/"}}]}},"featured_img":"https:\/\/www.hotellebalze.it\/wp-content\/uploads\/2024\/03\/Camera-da-letto-con-giardino-1-1200x801.webp","coauthors":[],"author_meta":{"author_link":"https:\/\/www.hotellebalze.it\/it\/author\/marcop-flcmakiop\/","display_name":"Marco Perinel"},"relative_dates":{"created":"Pubblicato 2 anni fa","modified":"Aggiornato 10 mesi fa"},"absolute_dates":{"created":"Pubblicato il 19\/03\/2024","modified":"Aggiornato il 01\/07\/2025"},"absolute_dates_time":{"created":"Pubblicato il 19\/03\/2024 17:42","modified":"Aggiornato il 01\/07\/2025 17:13"},"featured_img_caption":"Camera da letto con giardino","tax_additional":{"room_categories":{"linked":[],"unlinked":[],"slug":"room_categories","name":"Categorie"},"translation_priority":{"linked":["<a href=\"https:\/\/www.hotellebalze.it\/it\/?taxonomy=translation_priority&#038;term=optional-2\" class=\"advgb-post-tax-term\">Optional<\/a>"],"unlinked":["<span class=\"advgb-post-tax-term\">Optional<\/span>"],"slug":"translation_priority","name":"Priorit\u00e0 di traduzione"}},"series_order":"","_links":{"self":[{"href":"https:\/\/www.hotellebalze.it\/it\/wp-json\/wp\/v2\/rooms\/8648","targetHints":{"allow":["GET"]}}],"collection":[{"href":"https:\/\/www.hotellebalze.it\/it\/wp-json\/wp\/v2\/rooms"}],"about":[{"href":"https:\/\/www.hotellebalze.it\/it\/wp-json\/wp\/v2\/types\/rooms"}],"author":[{"embeddable":true,"href":"https:\/\/www.hotellebalze.it\/it\/wp-json\/wp\/v2\/users\/8"}],"version-history":[{"count":36,"href":"https:\/\/www.hotellebalze.it\/it\/wp-json\/wp\/v2\/rooms\/8648\/revisions"}],"predecessor-version":[{"id":13353,"href":"https:\/\/www.hotellebalze.it\/it\/wp-json\/wp\/v2\/rooms\/8648\/revisions\/13353"}],"wp:featuredmedia":[{"embeddable":true,"href":"https:\/\/www.hotellebalze.it\/it\/wp-json\/wp\/v2\/media\/9190"}],"wp:attachment":[{"href":"https:\/\/www.hotellebalze.it\/it\/wp-json\/wp\/v2\/media?parent=8648"}],"wp:term":[{"taxonomy":"room_categories","embeddable":true,"href":"https:\/\/www.hotellebalze.it\/it\/wp-json\/wp\/v2\/room_categories?post=8648"}],"curies":[{"name":"wp","href":"https:\/\/api.w.org\/{rel}","templated":true}]}}

<p>La Camera Superior dell&#8217;Hotel Le Balze, con i suoi 20-30 m², offre uno spazio raffinato per il vostro soggiorno. </p>



<p>Godetevi la vista incantevole sul lago dal comfort del vostro giardino privato, attrezzato con sdraio e ombrellone, l&#8217;ideale per momenti di relax. </p>



<p>Con la possibilità di aggiungere un terzo letto, è perfetta per accogliere un ospite aggiuntivo in tutta comodità.</p>

Priorità di traduzione
